{"id":100000634,"date":"2018-11-04T19:30:51","date_gmt":"2018-11-04T18:30:51","guid":{"rendered":"https:\/\/sh-dev.openbyte.ch\/?page_id=100000634"},"modified":"2019-01-22T10:35:00","modified_gmt":"2019-01-22T09:35:00","slug":"comite","status":"publish","type":"page","link":"https:\/\/swissholdings.ch\/fr\/comite\/","title":{"rendered":"Comit\u00e9"},"content":{"rendered":"<div class=\"single-person\">\n                            <img decoding=\"async\" class=\"personen_portrait\" src=\"https:\/\/swissholdings.ch\/fr\/wp-content\/plugins\/insightly-syncer\/img-people\/474784033-bohrer_andreas.png\" \/>\n                            <strong>Prof. Dr. Andreas Bohrer<\/strong>\n                            <p class=\"personen_details\">Pr\u00e9sident SwissHoldings<br \/>Lonza Group AG<\/p>\n                            <p class=\"personen_contact\"><\/p>\n                          <\/div>\n<div class=\"single-person\">\n                            <img decoding=\"async\" class=\"personen_portrait\" src=\"https:\/\/swissholdings.ch\/fr\/wp-content\/plugins\/insightly-syncer\/img-people\/474784007-bax_adriaan.png\" \/>\n                            <strong> Adriaan Bax<\/strong>\n                            <p class=\"personen_details\">Vice President Corporate Tax<br \/>Swiss Steel Holding AG<\/p>\n                            <p class=\"personen_contact\"><\/p>\n                          <\/div><div class=\"single-person\">\n                            <img decoding=\"async\" class=\"personen_portrait\" src=\"https:\/\/swissholdings.ch\/fr\/wp-content\/plugins\/insightly-syncer\/img-people\/489270088-claudia_boeckstiegel_sq.png\" \/>\n                            <strong> Claudia B\u00f6ckstiegel<\/strong>\n                            <p class=\"personen_details\">General Counsel (Membre de la direction g\u00e9n\u00e9rale \u00e9largie du groupe)<br \/>F. Hoffmann-La Roche AG<\/p>\n                            <p class=\"personen_contact\"><\/p>\n                          <\/div><div class=\"single-person\">\n                            <img decoding=\"async\" class=\"personen_portrait\" src=\"https:\/\/swissholdings.ch\/fr\/wp-content\/plugins\/insightly-syncer\/img-people\/474784057-ehrat_felix.png\" \/>\n                            <strong> Felix R. Ehrat<\/strong>\n                            <p class=\"personen_details\">Membre du conseil d'administration<br \/>Geberit International AG<\/p>\n                            <p class=\"personen_contact\"><\/p>\n                          <\/div><div class=\"single-person\">\n                            <img decoding=\"async\" class=\"personen_portrait\" src=\"https:\/\/swissholdings.ch\/fr\/wp-content\/plugins\/insightly-syncer\/img-people\/474784135-frick_david.png\" \/>\n                            <strong> David P. Frick<\/strong>\n                            <p class=\"personen_details\">Senior Vice President Nestl\u00e9 S.A., Head of Corporate Governance, Corporate Legal and Corporate Services<br \/>Nestl\u00e9 S.A.<\/p>\n                            <p class=\"personen_contact\"><\/p>\n                          <\/div><div class=\"single-person\">\n                            <img decoding=\"async\" class=\"personen_portrait\" src=\"https:\/\/swissholdings.ch\/fr\/wp-content\/plugins\/insightly-syncer\/img-people\/474784536-philippin_pierre.png\" \/>\n                            <strong> Pierre Philippin<\/strong>\n                            <p class=\"personen_details\">Senior Director Group Reporting & Corporate Accounting<br \/>Oriflame Holding AG<\/p>\n                            <p class=\"personen_contact\"><\/p>\n                          <\/div><div class=\"single-person\">\n                            <img decoding=\"async\" class=\"personen_portrait\" src=\"https:\/\/swissholdings.ch\/fr\/wp-content\/plugins\/insightly-syncer\/img-people\/474784628-tissi_attilio.png\" \/>\n                            <strong> Attilio Tissi<\/strong>\n                            <p class=\"personen_details\">Member of Group Executive Committee, Chief Financial Officer<br \/>Bobst Group SA<\/p>\n                            <p class=\"personen_contact\"><\/p>\n                          <\/div><div class=\"single-person\">\n                            <img decoding=\"async\" class=\"personen_portrait\" src=\"https:\/\/swissholdings.ch\/fr\/wp-content\/plugins\/insightly-syncer\/img-people\/490975445-weiss_daniel.png\" \/>\n                            <strong> Daniel Weiss<\/strong>\n                            <p class=\"personen_details\">Global Head Treasury <br \/>Novartis AG<\/p>\n                            <p class=\"personen_contact\"><\/p>\n                          <\/div><div class=\"single-person\">\n                            <img decoding=\"async\" class=\"personen_portrait\" src=\"https:\/\/swissholdings.ch\/fr\/wp-content\/plugins\/insightly-syncer\/img-people\/474784668-winzer_charlotte.png\" \/>\n                            <strong> Charlotte Winzer<\/strong>\n                            <p class=\"personen_details\">Directrice des imp\u00f4ts<br \/>Procter & Gamble International Operations SA<\/p>\n                            <p class=\"personen_contact\"><\/p>\n                          <\/div><div class=\"single-person\">\n                            <img decoding=\"async\" class=\"personen_portrait\" src=\"https:\/\/swissholdings.ch\/fr\/wp-content\/plugins\/insightly-syncer\/img-people\/474784826-wueest_daniel.png\" \/>\n                            <strong> Daniel W\u00fcest<\/strong>\n                            <p class=\"personen_details\">Group CFO<br \/>Arbonia Management AG<\/p>\n                            <p class=\"personen_contact\"><\/p>\n                          <\/div>\n","protected":false},"excerpt":{"rendered":"","protected":false},"author":1,"featured_media":100000645,"parent":0,"menu_order":0,"comment_status":"closed","ping_status":"closed","template":"page-personen.php","meta":{"footnotes":""},"class_list":["post-100000634","page","type-page","status-publish","has-post-thumbnail","hentry"],"yoast_head":"<!-- This site is optimized with the Yoast SEO plugin v26.5 - https:\/\/yoast.com\/wordpress\/plugins\/seo\/ -->\n<title>Comit\u00e9 - Swissholdings FR<\/title>\n<meta name=\"robots\" content=\"index, follow, max-snippet:-1, max-image-preview:large, max-video-preview:-1\" \/>\n<link rel=\"canonical\" href=\"https:\/\/swissholdings.ch\/fr\/comite\/\" \/>\n<meta property=\"og:locale\" content=\"fr_FR\" \/>\n<meta property=\"og:type\" content=\"article\" \/>\n<meta property=\"og:title\" content=\"Comit\u00e9 - Swissholdings FR\" \/>\n<meta property=\"og:url\" content=\"https:\/\/swissholdings.ch\/fr\/comite\/\" \/>\n<meta property=\"og:site_name\" content=\"Swissholdings FR\" \/>\n<meta property=\"article:modified_time\" content=\"2019-01-22T09:35:00+00:00\" \/>\n<meta property=\"og:image\" content=\"https:\/\/swissholdings.ch\/fr\/wp-content\/uploads\/sites\/3\/2018\/11\/swissholdings-vorstand-schweiz.jpg\" \/>\n\t<meta property=\"og:image:width\" content=\"2500\" \/>\n\t<meta property=\"og:image:height\" content=\"1313\" \/>\n\t<meta property=\"og:image:type\" content=\"image\/jpeg\" \/>\n<meta name=\"twitter:card\" content=\"summary_large_image\" \/>\n<script type=\"application\/ld+json\" class=\"yoast-schema-graph\">{\"@context\":\"https:\/\/schema.org\",\"@graph\":[{\"@type\":\"WebPage\",\"@id\":\"https:\/\/swissholdings.ch\/fr\/comite\/\",\"url\":\"https:\/\/swissholdings.ch\/fr\/comite\/\",\"name\":\"Comit\u00e9 - Swissholdings FR\",\"isPartOf\":{\"@id\":\"https:\/\/swissholdings.ch\/fr\/#website\"},\"primaryImageOfPage\":{\"@id\":\"https:\/\/swissholdings.ch\/fr\/comite\/#primaryimage\"},\"image\":{\"@id\":\"https:\/\/swissholdings.ch\/fr\/comite\/#primaryimage\"},\"thumbnailUrl\":\"https:\/\/swissholdings.ch\/fr\/wp-content\/uploads\/sites\/3\/2018\/11\/swissholdings-vorstand-schweiz.jpg\",\"datePublished\":\"2018-11-04T18:30:51+00:00\",\"dateModified\":\"2019-01-22T09:35:00+00:00\",\"breadcrumb\":{\"@id\":\"https:\/\/swissholdings.ch\/fr\/comite\/#breadcrumb\"},\"inLanguage\":\"fr-FR\",\"potentialAction\":[{\"@type\":\"ReadAction\",\"target\":[\"https:\/\/swissholdings.ch\/fr\/comite\/\"]}]},{\"@type\":\"ImageObject\",\"inLanguage\":\"fr-FR\",\"@id\":\"https:\/\/swissholdings.ch\/fr\/comite\/#primaryimage\",\"url\":\"https:\/\/swissholdings.ch\/fr\/wp-content\/uploads\/sites\/3\/2018\/11\/swissholdings-vorstand-schweiz.jpg\",\"contentUrl\":\"https:\/\/swissholdings.ch\/fr\/wp-content\/uploads\/sites\/3\/2018\/11\/swissholdings-vorstand-schweiz.jpg\",\"width\":2500,\"height\":1313},{\"@type\":\"BreadcrumbList\",\"@id\":\"https:\/\/swissholdings.ch\/fr\/comite\/#breadcrumb\",\"itemListElement\":[{\"@type\":\"ListItem\",\"position\":1,\"name\":\"Accueil\",\"item\":\"https:\/\/swissholdings.ch\/fr\/\"},{\"@type\":\"ListItem\",\"position\":2,\"name\":\"Comit\u00e9\"}]},{\"@type\":\"WebSite\",\"@id\":\"https:\/\/swissholdings.ch\/fr\/#website\",\"url\":\"https:\/\/swissholdings.ch\/fr\/\",\"name\":\"Swissholdings FR\",\"description\":\"Swissholdings\",\"potentialAction\":[{\"@type\":\"SearchAction\",\"target\":{\"@type\":\"EntryPoint\",\"urlTemplate\":\"https:\/\/swissholdings.ch\/fr\/?s={search_term_string}\"},\"query-input\":{\"@type\":\"PropertyValueSpecification\",\"valueRequired\":true,\"valueName\":\"search_term_string\"}}],\"inLanguage\":\"fr-FR\"}]}<\/script>\n<!-- \/ Yoast SEO plugin. -->","yoast_head_json":{"title":"Comit\u00e9 - Swissholdings FR","robots":{"index":"index","follow":"follow","max-snippet":"max-snippet:-1","max-image-preview":"max-image-preview:large","max-video-preview":"max-video-preview:-1"},"canonical":"https:\/\/swissholdings.ch\/fr\/comite\/","og_locale":"fr_FR","og_type":"article","og_title":"Comit\u00e9 - Swissholdings FR","og_url":"https:\/\/swissholdings.ch\/fr\/comite\/","og_site_name":"Swissholdings FR","article_modified_time":"2019-01-22T09:35:00+00:00","og_image":[{"width":2500,"height":1313,"url":"https:\/\/swissholdings.ch\/fr\/wp-content\/uploads\/sites\/3\/2018\/11\/swissholdings-vorstand-schweiz.jpg","type":"image\/jpeg"}],"twitter_card":"summary_large_image","schema":{"@context":"https:\/\/schema.org","@graph":[{"@type":"WebPage","@id":"https:\/\/swissholdings.ch\/fr\/comite\/","url":"https:\/\/swissholdings.ch\/fr\/comite\/","name":"Comit\u00e9 - Swissholdings FR","isPartOf":{"@id":"https:\/\/swissholdings.ch\/fr\/#website"},"primaryImageOfPage":{"@id":"https:\/\/swissholdings.ch\/fr\/comite\/#primaryimage"},"image":{"@id":"https:\/\/swissholdings.ch\/fr\/comite\/#primaryimage"},"thumbnailUrl":"https:\/\/swissholdings.ch\/fr\/wp-content\/uploads\/sites\/3\/2018\/11\/swissholdings-vorstand-schweiz.jpg","datePublished":"2018-11-04T18:30:51+00:00","dateModified":"2019-01-22T09:35:00+00:00","breadcrumb":{"@id":"https:\/\/swissholdings.ch\/fr\/comite\/#breadcrumb"},"inLanguage":"fr-FR","potentialAction":[{"@type":"ReadAction","target":["https:\/\/swissholdings.ch\/fr\/comite\/"]}]},{"@type":"ImageObject","inLanguage":"fr-FR","@id":"https:\/\/swissholdings.ch\/fr\/comite\/#primaryimage","url":"https:\/\/swissholdings.ch\/fr\/wp-content\/uploads\/sites\/3\/2018\/11\/swissholdings-vorstand-schweiz.jpg","contentUrl":"https:\/\/swissholdings.ch\/fr\/wp-content\/uploads\/sites\/3\/2018\/11\/swissholdings-vorstand-schweiz.jpg","width":2500,"height":1313},{"@type":"BreadcrumbList","@id":"https:\/\/swissholdings.ch\/fr\/comite\/#breadcrumb","itemListElement":[{"@type":"ListItem","position":1,"name":"Accueil","item":"https:\/\/swissholdings.ch\/fr\/"},{"@type":"ListItem","position":2,"name":"Comit\u00e9"}]},{"@type":"WebSite","@id":"https:\/\/swissholdings.ch\/fr\/#website","url":"https:\/\/swissholdings.ch\/fr\/","name":"Swissholdings FR","description":"Swissholdings","potentialAction":[{"@type":"SearchAction","target":{"@type":"EntryPoint","urlTemplate":"https:\/\/swissholdings.ch\/fr\/?s={search_term_string}"},"query-input":{"@type":"PropertyValueSpecification","valueRequired":true,"valueName":"search_term_string"}}],"inLanguage":"fr-FR"}]}},"_links":{"self":[{"href":"https:\/\/swissholdings.ch\/fr\/wp-json\/wp\/v2\/pages\/100000634","targetHints":{"allow":["GET"]}}],"collection":[{"href":"https:\/\/swissholdings.ch\/fr\/wp-json\/wp\/v2\/pages"}],"about":[{"href":"https:\/\/swissholdings.ch\/fr\/wp-json\/wp\/v2\/types\/page"}],"author":[{"embeddable":true,"href":"https:\/\/swissholdings.ch\/fr\/wp-json\/wp\/v2\/users\/1"}],"replies":[{"embeddable":true,"href":"https:\/\/swissholdings.ch\/fr\/wp-json\/wp\/v2\/comments?post=100000634"}],"version-history":[{"count":3,"href":"https:\/\/swissholdings.ch\/fr\/wp-json\/wp\/v2\/pages\/100000634\/revisions"}],"predecessor-version":[{"id":100001565,"href":"https:\/\/swissholdings.ch\/fr\/wp-json\/wp\/v2\/pages\/100000634\/revisions\/100001565"}],"wp:featuredmedia":[{"embeddable":true,"href":"https:\/\/swissholdings.ch\/fr\/wp-json\/wp\/v2\/media\/100000645"}],"wp:attachment":[{"href":"https:\/\/swissholdings.ch\/fr\/wp-json\/wp\/v2\/media?parent=100000634"}],"curies":[{"name":"wp","href":"https:\/\/api.w.org\/{rel}","templated":true}]}}

Comité

<div class="single-person">
                            <img decoding="async" class="personen_portrait" src="https://swissholdings.ch/fr/wp-content/plugins/insightly-syncer/img-people/474784033-bohrer_andreas.png" />
                            <strong>Prof. Dr. Andreas Bohrer</strong>
                            <p class="personen_details">Président SwissHoldings<br />Lonza Group AG</p>
                            <p class="personen_contact"></p>
                          </div>
<div class="single-person">
                            <img decoding="async" class="personen_portrait" src="https://swissholdings.ch/fr/wp-content/plugins/insightly-syncer/img-people/474784007-bax_adriaan.png" />
                            <strong> Adriaan Bax</strong>
                            <p class="personen_details">Vice President Corporate Tax<br />Swiss Steel Holding AG</p>
                            <p class="personen_contact"></p>
                          </div><div class="single-person">
                            <img decoding="async" class="personen_portrait" src="https://swissholdings.ch/fr/wp-content/plugins/insightly-syncer/img-people/489270088-claudia_boeckstiegel_sq.png" />
                            <strong> Claudia Böckstiegel</strong>
                            <p class="personen_details">General Counsel (Membre de la direction générale élargie du groupe)<br />F. Hoffmann-La Roche AG</p>
                            <p class="personen_contact"></p>
                          </div><div class="single-person">
                            <img decoding="async" class="personen_portrait" src="https://swissholdings.ch/fr/wp-content/plugins/insightly-syncer/img-people/474784057-ehrat_felix.png" />
                            <strong> Felix R. Ehrat</strong>
                            <p class="personen_details">Membre du conseil d'administration<br />Geberit International AG</p>
                            <p class="personen_contact"></p>
                          </div><div class="single-person">
                            <img decoding="async" class="personen_portrait" src="https://swissholdings.ch/fr/wp-content/plugins/insightly-syncer/img-people/474784135-frick_david.png" />
                            <strong> David P. Frick</strong>
                            <p class="personen_details">Senior Vice President Nestlé S.A., Head of Corporate Governance, Corporate Legal and Corporate Services<br />Nestlé S.A.</p>
                            <p class="personen_contact"></p>
                          </div><div class="single-person">
                            <img decoding="async" class="personen_portrait" src="https://swissholdings.ch/fr/wp-content/plugins/insightly-syncer/img-people/474784536-philippin_pierre.png" />
                            <strong> Pierre Philippin</strong>
                            <p class="personen_details">Senior Director Group Reporting & Corporate Accounting<br />Oriflame Holding AG</p>
                            <p class="personen_contact"></p>
                          </div><div class="single-person">
                            <img decoding="async" class="personen_portrait" src="https://swissholdings.ch/fr/wp-content/plugins/insightly-syncer/img-people/474784628-tissi_attilio.png" />
                            <strong> Attilio Tissi</strong>
                            <p class="personen_details">Member of Group Executive Committee, Chief Financial Officer<br />Bobst Group SA</p>
                            <p class="personen_contact"></p>
                          </div><div class="single-person">
                            <img decoding="async" class="personen_portrait" src="https://swissholdings.ch/fr/wp-content/plugins/insightly-syncer/img-people/490975445-weiss_daniel.png" />
                            <strong> Daniel Weiss</strong>
                            <p class="personen_details">Global Head Treasury <br />Novartis AG</p>
                            <p class="personen_contact"></p>
                          </div><div class="single-person">
                            <img decoding="async" class="personen_portrait" src="https://swissholdings.ch/fr/wp-content/plugins/insightly-syncer/img-people/474784668-winzer_charlotte.png" />
                            <strong> Charlotte Winzer</strong>
                            <p class="personen_details">Directrice des impôts<br />Procter & Gamble International Operations SA</p>
                            <p class="personen_contact"></p>
                          </div><div class="single-person">
                            <img decoding="async" class="personen_portrait" src="https://swissholdings.ch/fr/wp-content/plugins/insightly-syncer/img-people/474784826-wueest_daniel.png" />
                            <strong> Daniel Wüest</strong>
                            <p class="personen_details">Group CFO<br />Arbonia Management AG</p>
                            <p class="personen_contact"></p>
                          </div>

<!-- This site is optimized with the Yoast SEO plugin v26.5 - https://yoast.com/wordpress/plugins/seo/ -->
<title>Comité - Swissholdings FR</title>
<meta name="robots" content="index, follow, max-snippet:-1, max-image-preview:large, max-video-preview:-1" />
<link rel="canonical" href="https://swissholdings.ch/fr/comite/" />
<meta property="og:locale" content="fr_FR" />
<meta property="og:type" content="article" />
<meta property="og:title" content="Comité - Swissholdings FR" />
<meta property="og:url" content="https://swissholdings.ch/fr/comite/" />
<meta property="og:site_name" content="Swissholdings FR" />
<meta property="article:modified_time" content="2019-01-22T09:35:00+00:00" />
<meta property="og:image" content="https://swissholdings.ch/fr/wp-content/uploads/sites/3/2018/11/swissholdings-vorstand-schweiz.jpg" />
	<meta property="og:image:width" content="2500" />
	<meta property="og:image:height" content="1313" />
	<meta property="og:image:type" content="image/jpeg" />
<meta name="twitter:card" content="summary_large_image" />
<script type="application/ld+json" class="yoast-schema-graph">{"@context":"https://schema.org","@graph":[{"@type":"WebPage","@id":"https://swissholdings.ch/fr/comite/","url":"https://swissholdings.ch/fr/comite/","name":"Comité - Swissholdings FR","isPartOf":{"@id":"https://swissholdings.ch/fr/#website"},"primaryImageOfPage":{"@id":"https://swissholdings.ch/fr/comite/#primaryimage"},"image":{"@id":"https://swissholdings.ch/fr/comite/#primaryimage"},"thumbnailUrl":"https://swissholdings.ch/fr/wp-content/uploads/sites/3/2018/11/swissholdings-vorstand-schweiz.jpg","datePublished":"2018-11-04T18:30:51+00:00","dateModified":"2019-01-22T09:35:00+00:00","breadcrumb":{"@id":"https://swissholdings.ch/fr/comite/#breadcrumb"},"inLanguage":"fr-FR","potentialAction":[{"@type":"ReadAction","target":["https://swissholdings.ch/fr/comite/"]}]},{"@type":"ImageObject","inLanguage":"fr-FR","@id":"https://swissholdings.ch/fr/comite/#primaryimage","url":"https://swissholdings.ch/fr/wp-content/uploads/sites/3/2018/11/swissholdings-vorstand-schweiz.jpg","contentUrl":"https://swissholdings.ch/fr/wp-content/uploads/sites/3/2018/11/swissholdings-vorstand-schweiz.jpg","width":2500,"height":1313},{"@type":"BreadcrumbList","@id":"https://swissholdings.ch/fr/comite/#breadcrumb","itemListElement":[{"@type":"ListItem","position":1,"name":"Accueil","item":"https://swissholdings.ch/fr/"},{"@type":"ListItem","position":2,"name":"Comité"}]},{"@type":"WebSite","@id":"https://swissholdings.ch/fr/#website","url":"https://swissholdings.ch/fr/","name":"Swissholdings FR","description":"Swissholdings","potentialAction":[{"@type":"SearchAction","target":{"@type":"EntryPoint","urlTemplate":"https://swissholdings.ch/fr/?s={search_term_string}"},"query-input":{"@type":"PropertyValueSpecification","valueRequired":true,"valueName":"search_term_string"}}],"inLanguage":"fr-FR"}]}</script>
<!-- / Yoast SEO plugin. -->

Comité - Swissholdings FR
